{"id":449,"date":"2022-10-28T15:11:07","date_gmt":"2022-10-28T13:11:07","guid":{"rendered":"http:\/\/decide.usv.ro\/?page_id=449"},"modified":"2022-10-28T15:17:56","modified_gmt":"2022-10-28T13:17:56","slug":"proiectul-este-in-conformitate-cu-urmatoarele-politici-ale-uniunii-europene","status":"publish","type":"page","link":"http:\/\/decide.usv.ro\/index.php\/proiectul-este-in-conformitate-cu-urmatoarele-politici-ale-uniunii-europene\/","title":{"rendered":"Proiectul este \u00een conformitate cu urm\u0103toarele politici ale Uniunii Europene:"},"content":{"rendered":"\n<div class=\"wp-block-pb-accordion-item c-accordion__item js-accordion-item no-js is-open\" data-initially-open=\"true\" data-click-to-close=\"true\" data-auto-close=\"true\" data-scroll=\"true\" data-scroll-offset=\"0\"><h3 id=\"at-4490\" class=\"c-accordion__title js-accordion-controller\" role=\"button\">Parteneriatului \u015fi guvernan\u021bei pe mai multe nivele<\/h3><div id=\"ac-4490\" class=\"c-accordion__content\">\n<p>Proiectul se implementeaz\u0103 \u00een parteneriat \u00eentre Beneficiarul Universitatea \u201d\u0218tefan cel Mare\u201d din Suceava \u2013 universitate de stat \u0219i cei doi parteneri: Partener 1: Institutul de Economie Na\u021bional\u0103 din Bucure\u0219ti \u0219i Partener 2: AJOFM T\u00e2rgu Neam\u021b.<br>Partenerii contribuie la realizarea proiectului \u00een modalit\u0103\u0163ile precizate \u00een cererea de finan\u0163are \u015fi Acordul de parteneriat. \u00cen perioada raportat\u0103 p\u0103r\u0163ile s-au consultat \u00een mod regulat \u015fi s-au informeze asupra tuturor aspectelor privind evolu\u0163ia proiectului. A fost asigurat\u0103 transparen\u021ba \u00een implementare, deciziile fiind luate prin consultare reciproc\u0103, de comun acord.<br>\u00cen perioada de raportare beneficiarul a asigurat condi\u021biile pentru prevenirea oric\u0103rei forme de discriminare \u00een implementarea proiectului.\u00cen conformitate cu Carta USV \u201cUniv [\u2026] promoveaza respectul demnit\u0103\u021bii fiec\u0103rui membru, \u00eentr-un climat care exclude h\u0103r\u021buirea, exploatarea, umilirea, atitudinea dispre\u021buitoare, amenin\u021barea sau intimidarea.<br>USV ader\u0103 la valorile toleran\u021bei fa\u021b\u0103 de diferen\u021bele dintre oameni, dintre opinii, credin\u021be \u0219i convingeri intelectuale\u201d fiind totodat\u0103 interzise \u201cdiscriminarea, incluz\u00e2nd h\u0103r\u021buirea unui student pe motive politice sau pe motive de ras\u0103, religie, sex, orientare sexual\u0103, origine na\u021bional\u0103, statut marital, handicap \u0219i\/sau condi\u021bie medical\u0103, v\u00e2rst\u0103, cet\u0103\u021benie sau alte motive arbitrare sau personale\u201d.<\/p>\n<\/div><\/div>\n\n\n\n<hr class=\"wp-block-separator is-style-wide\"\/>\n\n\n\n<div class=\"wp-block-pb-accordion-item c-accordion__item js-accordion-item no-js\" data-initially-open=\"false\" data-click-to-close=\"true\" data-auto-close=\"true\" data-scroll=\"true\" data-scroll-offset=\"0\"><h3 id=\"at-4491\" class=\"c-accordion__title js-accordion-controller\" role=\"button\">Promovarea egalit\u0103\u021bii \u00eentre b\u0103rba\u021bi \u015fi femei<\/h3><div id=\"ac-4491\" class=\"c-accordion__content\">\n<p>\u00cen perioada de raportare s-a asigurat un nivel egal de vizibilitate, afirmare \u0219i participare pentru ambele sexe \u00een toate sferele vie\u021bii publice \u0219i private.<br>O participare echilibrat\u0103 a femeilor \u0219i a barba\u021bilor la activit\u0103\u021bile proiectului a fost fi asigurat\u0103 prin selec\u021bia atent\u0103 a membrilor grupului \u021bint\u0103. At\u00e2t beneficiarul, c\u00e2t \u0219i partenerii asigu\u0103 egalitatea de \u0219anse \u0219i de tratament \u00eentre angaja\u021bi, femei \u0219i b\u0103rba\u021bi, \u00een cadrul rela\u021biilor de munc\u0103 de orice fel.<br>Pentru a promova egalitatea de gen, proiectul include diverse ac\u021biuni care reflect\u0103 modul \u00een care este transpus principiul Egali\u00fe\u0103\u021bii de gen. Astfel, se asigur\u0103 un nivel egal de vizibilitate, afirmare \u0219i participare pentru ambele sexe \u00een toate sferele vie\u021bii publice \u0219i private. Principiul Egali\u00fe\u0103\u021bii de gen a fost aplicat la elaborarea proiectului \u0219i este luat \u00een considerare \u00een alc\u0103tuirea echipei proiectului, numai pe criterii de competen\u021b\u0103 \u0219i asigurarea drepturilor egale.<br>Echipa care a participat la elaborarea cererii de finan\u021bare a inclus persoane cu expertiz\u0103 \u00een domeniu, at\u00e2t femei c\u00e2t si barba\u021bi. O participare echilibrata a femeilor \u0219i a barba\u021bilor la activit\u0103\u021bile proiectului este asigurat\u0103 printr-o selec\u021bie atent\u0103 a membrilor grupului \u021bint\u0103. M\u0103surile specifice prin care se asigura respectarea prevederilor legale \u00een domeniul egalit\u0103\u021bii de gen: realizarea unui plan de implementare, realizarea unei proceduri de raportare a activit\u0103\u021bilor, realizarea unei proceduri de comunicare interna, organizarea unei conferin\u021be de lansare, organizarea unei conferin\u021be de \u00eenchidere, elaborarea unei metodologii de selec\u021bie \u0219i monitorizare, realizarea unui website\/portal sistem de colectare \u0219i evaluare feedback angajabilitate absolven\u021bi pentru dezvoltarea de noi programe de studii sunt avute \u00een permanen\u021b\u0103 \u00een vedere. Prin urmare, at\u00e2t beneficiarul, c\u00e2t \u0219i partenerii asigur\u0103 egalitatea de \u0219anse \u0219i de tratament egal \u00eentre angaja\/i, femei \u0219i b\u0103rba\u021bi, \u00een cadrul rela\u021biilor de munca de orice fel.<\/p>\n<\/div><\/div>\n\n\n\n<hr class=\"wp-block-separator is-style-wide\"\/>\n\n\n\n<div class=\"wp-block-pb-accordion-item c-accordion__item js-accordion-item no-js\" data-initially-open=\"false\" data-click-to-close=\"true\" data-auto-close=\"true\" data-scroll=\"true\" data-scroll-offset=\"0\"><h3 id=\"at-4492\" class=\"c-accordion__title js-accordion-controller\" role=\"button\">Dezvoltarea durabil\u0103<\/h3><div id=\"ac-4492\" class=\"c-accordion__content\">\n<p>\u00cen perioada de raportare au fost \u00eencurajate practicile de responsabilitate social\u0103: s\u0103 fie protejat mediul, s\u0103 scada consumul de energie, colectarea selectiv\u0103 a de\u0219eurilor etc.<br><strong>Poluatorul pl\u0103te\u0219te<\/strong><br>Obiectivele proiectului sunt urm\u0103rite \u00een concordan\u021b\u0103 cu principiile dezvolt\u0103rii durabile, al promov\u0103rii obiectivelor de conservare, protec\u021bie \u0219i \u00eembunat\u0103\u021bire a calit\u0103\u021bii mediului. Activit\u0103\u021bile prev\u0103zute respect\u0103 principiul \u201ePoluatorul pl\u0103te\u0219te\u201d. Acest lucru este \u00eent\u0103rit inclusiv prin ac\u021biunile de con\u0219tientizare a implica\u021biilor asupra mediului \u0219i prin asumare la nivelul parteneriatului a consecin\u021belor ac\u021biunilor care ar putea cauza involuntar<br>poluarea mediului.<br><strong>Protec\u021bia biodiversit\u0103\u021bii<\/strong><br>Activit\u0103\u021bile propuse sunt \u00een concordan\u021b\u0103 cu legisla\u021bia \u00een domeniul conserv\u0103rii biodiversit\u0103\u021bii pe toate cele patru nivele de abordare, respectiv diversitatea ecosistemelor, a speciilor, genetica \u0219i etnocultural\u0103 f\u0103r\u0103 a compromite capacitatea genera\u021biilor viitoare de a-\u0219i satisface propriile necesit\u0103\u021bi.<br>\u00cen acest sens, la nivelul partenerilor (\u00een cadrul intalnirilor de lucru etc.) se \u00eencurajeaz\u0103 implementarea conceptului de Responsabilitate Social\u0103: responsabilitatea unei organiza\u021bii fa\u021b\u0103 de impactul deciziilor \u0219i activit\u0103\u021bilor sale asupra societ\u0103\u021bii \u0219i mediului, prin comportament transparent \u0219i etic ce contribuie la dezvoltarea durabil\u0103 care ia \u00een considerare a\u0219tept\u0103rile p\u0103r\u021bilor interesate.<br><strong>Utilizarea eficienta a resurselor<\/strong><br>Respectarea cerin\u021bei utiliz\u0103rii responsabile a resurselor \u0219i a eficien\u021bei energetice se realizeaz\u0103 prin utilizarea unor instrumente TIC. Pentru imprimarea documentelor vom utiliza prioritar h\u00e2rtie reciclat\u0103.<br>Se evit\u0103, pe c\u00e2t posibil, iluminatul artificial, consumul ira\u021bional de carburan\u021bi fosili, email-urile vor fi listate doar dac\u0103 este necesar. Sunt \u00eencurajate practicile de responsabilitate social\u0103: s\u0103 fie protejat mediul, s\u0103 scada consumul de energie, colectarea selectiva a deseurilor etc. Pe parcursul implement\u0103rii resursele sunt utilizate eficient \u0219i sustenabil, \u00een principal prin aplicarea unor reguli \u0219i inducerea unor comportamente de consum ra\u021bional la nivelul partenerilor \u0219i a memebrilor GT. \u00cen plan ecologic, partenerii implica\u021bi \u00een proiect vor aplica pe c\u00e2t posibil colectarea \u0219i depunerea la centre specializate a tuturor materialelor reciclabile (h\u00e2rtie, plastic, sticl\u0103, cartu\u0219e de toner etc.).<br><strong>Atenuarea \u0219i adaptarea la schimbarile climatice<br><\/strong>\u00cen cadrul tuturor activit\u0103\u021bilor proiectului este promovat\u0103 \u0219i \u00eencurajat\u0103 \u00eembunat\u0103\u021birea eficien\u021bei energetice prin investi\u021bii \u00een echipamente ecologice \u0219i utilizarea de resurse regenerabile. Implementarea proiectului nu are efecte negative directe asupra mediului, utiliz\u0103rii eficiente a resurselor sau biodiversit\u0103\u021bii. Proiectul poate avea un impact pozitiv prin transmiterea de mesaje speciale pe materialele elaborate, \u00een coresponden\u021ba electronic\u0103 \u0219i \u00een cadrul mesajelor de promovare. Activit\u0103\u021btile de informare urm\u0103resc, de asemenea, promovarea \u0219i diseminarea unui stil de via\u021b\u0103 prietenos mediului \u00eenconjurator, conservarea patrimoniului natural \u0219i cultural.<br><strong>Rezilien\u021ba la dezastre<\/strong><br>La nivelul proiectului acest principiu se traduce prin comunicarea informa\u021biilor \u0219i cuno\u0219tin\u021belor care contribuie la cre\u0219terea rezilien\u021bei comunit\u0103\u021bilor \u0219i la promovarea schimb\u0103rilor de comportament \u0219i a unei culturi a pregatirii \u00een fa\u021ba dezastrelor. Exper\u021bii din echipa de implementare au obliga\u021bia de a respecta normele de paz\u0103 \u0219i cele privind siguran\u021ba incediilor \u0219i s\u0103 ac\u021bioneze \u00een scopul prevenirii oric\u0103rei situa\u021bii care ar putea pune \u00een primejdie via\u021ba, integritatea corporal\u0103, s\u0103n\u0103tatea unor persoane \u0219i a patrimoniului. Prevederile pentru ap\u0103rarea \u00eempotriva incendiilor sunt respectate prin: instruc\u021biuni de ap\u0103rare \u0219i prevenire a incendiilor; reguli \u0219i m\u0103suri speciale \u00een perioadele de anotimp rece \u0219i secetos; organizarea autoap\u0103r\u0103rii impotriva incendiilor; instruiri periodice etc.<br>Transmiterea acestor masuri \u0219i cre\u0219terea nivelului de informare c\u0103tre membrii GT contribuie at\u00e2t direct, c\u00e2t \u0219i indirect la un nivel mai \u00eenalt de prote\u021btie a cet\u0103\u021benilor, a bunurilor materiale \u0219i a mediului, contribuind astfel la preg\u0103tirea popula\u021biei \u00een vederea cre\u0103rii unei na\u021biuni reziliente \u00een fa\u021ba dezastrelor.<br>\u00cen cadrul experien\u021bei practice personalizate, studeni\u021bii doctoranzi, precum \u0219i cercet\u0103torii postdoctorat vor fi instrui\u021bi de c\u0103tre personal abilitat \u00een ceea ce prive\u0219te SSM.<\/p>\n<\/div><\/div>\n\n\n\n<hr class=\"wp-block-separator is-style-wide\"\/>\n\n\n\n<div class=\"wp-block-pb-accordion-item c-accordion__item js-accordion-item no-js\" data-initially-open=\"false\" data-click-to-close=\"true\" data-auto-close=\"true\" data-scroll=\"true\" data-scroll-offset=\"0\"><h3 id=\"at-4493\" class=\"c-accordion__title js-accordion-controller\" role=\"button\">Non-discriminare<\/h3><div id=\"ac-4493\" class=\"c-accordion__content\">\n<p>\u00cen perioada de raportare beneficiarul a asigurat condi\u021biile pentru prevenirea oric\u0103rei forme de discriminare \u00een implementarea proiectului.<br>In conformitate cu Carta USV \u201cUniv [\u2026] promoveaza respectul demnit\u0103\u021bii fiec\u0103rui membru, \u00eentr-un climat care exclude h\u0103r\u021buirea, exploatarea, umilirea, atitudinea dispre\u021buitoare, amenin\u021barea sau intimidarea.<br>USV ader\u0103 la valorile toleran\u021bei fa\u021b\u0103 de diferen\u021bele dintre oameni, dintre opinii, credin\u021be \u0219i convingeri intelectuale\u201d fiind totodat\u0103 interzise \u201cdiscriminarea, incluz\u00e2nd h\u0103r\u021buirea unui student pe motive politice sau pe motive de ras\u0103, religie, sex, orientare sexual\u0103, origine na\u021bional\u0103, statut marital, handicap \u0219i\/sau condi\u021bie medical\u0103, v\u00e2rst\u0103, cet\u0103\u021benie sau alte motive arbitrare sau personale\u201d.<\/p>\n<\/div><\/div>\n\n\n\n<hr class=\"wp-block-separator is-style-wide\"\/>\n\n\n\n<div class=\"wp-block-pb-accordion-item c-accordion__item js-accordion-item no-js\" data-initially-open=\"false\" data-click-to-close=\"true\" data-auto-close=\"true\" data-scroll=\"true\" data-scroll-offset=\"0\"><h3 id=\"at-4494\" class=\"c-accordion__title js-accordion-controller\" role=\"button\">Accesibilitatea pentru persoanele cu dizabilit\u0103\u021bi<\/h3><div id=\"ac-4494\" class=\"c-accordion__content\">\n<p>\u00cen perioada de raportare s-a monitorizat respectarea dreptului de acces la toate resursele, bunurile, informa\u021biile \u0219i serviciile oferite, \u00een condi\u021bii de egalitate cu ceilal\u021bi.<br>\u00cen cadrul tuturor investi\u021biilor \u00een infrastructur\u0103 se are \u00een vedere \u00eenlaturarea\/ameliorarea obstacolelor fizice, prin spa\u00feii speciale de acces \u00een vederea asigurarii accesibilit\u0103\u021bii pentru persoanele cu dizabilita\u021bi, \u00eendeplinind astfel prevederile legisla\u021biei \u00een vigoare cu privire la accesul \u00een cladirile \u0219i structurile de utilitate public\u0103.<br>\u00cen cadrul proiectului se asigur\u0103 mijloace pentru persoanele cu dizabilita\u00fei, astfel \u00eenc\u00e2t acestea s\u0103 poat\u0103 accesa informa\u021bii de interes sau relevante pentru drepturile \u0219i necesit\u0103\u021bile lor.<br>Internetul joac\u0103 un rol din ce \u00een ce mai important \u00een via\u021ba de zi cu zi \u0219i \u00een educa\u021bie. Un web accesibil, care permite persoanelor cu dizabilit\u0103\u021bi s\u0103 participe \u00een mod activ \u00een societate este esen\u021bial pentru a asigura oportunit\u0103\u021bi egale. \u00cen acest sens proiectul prevede un website \u0219i con\u021binut interactiv cu un design care permite acestor persoane s\u0103 perceap\u0103, \u00een\u021beleag\u0103, navigheze \u0219i s\u0103 interac\u021bioneze cu pagina web \u00een mod eficient (Web Content Accessibility). Pe tot parcursul proiectului se va monitoriza respectarea dreptului de acces la toate resursele, bunurile, informa\u021biile \u0219i serviciile oferite, \u00een condi\u021bii de egalitate cu ceilal\u021bi. Va fi promovat accesul egal la toate activit\u0103\u021bile specifice pentru pesoanele cu dizabilit\u0103\u021bi \u0219i accesul la programe de \u00eenv\u0103\u021bare la locul de munc\u0103 \u00een cadrul parteneriatelor nou \u00eenfiin\u021bate\/dezvoltate care s\u0103 faciliteze inser\u021bia pe pia\u021ba muncii.<\/p>\n<\/div><\/div>\n\n\n\n<hr class=\"wp-block-separator is-style-wide\"\/>\n\n\n\n<div class=\"wp-block-pb-accordion-item c-accordion__item js-accordion-item no-js\" data-initially-open=\"false\" data-click-to-close=\"true\" data-auto-close=\"true\" data-scroll=\"true\" data-scroll-offset=\"0\"><h3 id=\"at-4495\" class=\"c-accordion__title js-accordion-controller\" role=\"button\">Regulile de mediu<\/h3><div id=\"ac-4495\" class=\"c-accordion__content\">\n<p>\u00cen perioada de raportare, la nivelul partenerilor s-a \u00eencurajat implementarea conceptului de Responsabilitate Social\u0103: responsabilitatea unei organiza\u021bii fa\u021b\u0103 de impactul deciziilor \u0219i activit\u0103\u021bilor sale asupra societ\u0103\u021bii \u0219i mediului, prin comportament transparent \u0219i etic ce contribuie la dezvoltarea durabil\u0103, ia in considerare a\u0219tept\u0103rile p\u0103r\u021bilor interesate.<br>\u00cen perioada raportat\u0103, informa\u021biile \u0219i documentele s-au transmis c\u0103tre membrii echipei de proiect sau c\u0103tre alte persoane implicate, prin e-mail pentru a evita printarea \u0219i folosirea inutil\u0103 a h\u00e2rtie.<br>\u00cen con\u021binuturile email-urilor transmise de exper\u021bii implica\u021bi sunt cuprinse mesaje de con\u0219tientizare privind protec\u021bia mediului, de ex: \u201ePentru a proteja mediul \u00eenconjur\u0103tor, v\u0103 rug\u0103m s\u0103 lua\u021bi \u00een considerare consecin\u021bele pe care le poate avea tip\u0103rirea acestui mesaj\u201d.<\/p>\n<\/div><\/div>\n\n\n\n<p><\/p>\n","protected":false},"excerpt":{"rendered":"Parteneriatului \u015fi guvernan\u021bei pe mai multe nivele Proiectul se implementeaz\u0103 \u00een parteneriat \u00eentre Beneficiarul Universitatea \u201d\u0218tefan cel Mare\u201d din Suceava \u2013 universitate de stat \u0219i cei doi parteneri: Partener 1: Institutul de Economie Na\u021bional\u0103 din Bucure\u0219ti \u0219i Partener 2: AJOFM T\u00e2rgu Neam\u021b.Partenerii contribuie la realizarea proiectului \u00een modalit\u0103\u0163ile precizate \u00een cererea de finan\u0163are \u015fi Acordul [...]","protected":false},"author":3,"featured_media":0,"parent":0,"menu_order":0,"comment_status":"closed","ping_status":"closed","template":"","meta":[],"_links":{"self":[{"href":"http:\/\/decide.usv.ro\/index.php\/wp-json\/wp\/v2\/pages\/449"}],"collection":[{"href":"http:\/\/decide.usv.ro\/index.php\/wp-json\/wp\/v2\/pages"}],"about":[{"href":"http:\/\/decide.usv.ro\/index.php\/wp-json\/wp\/v2\/types\/page"}],"author":[{"embeddable":true,"href":"http:\/\/decide.usv.ro\/index.php\/wp-json\/wp\/v2\/users\/3"}],"replies":[{"embeddable":true,"href":"http:\/\/decide.usv.ro\/index.php\/wp-json\/wp\/v2\/comments?post=449"}],"version-history":[{"count":10,"href":"http:\/\/decide.usv.ro\/index.php\/wp-json\/wp\/v2\/pages\/449\/revisions"}],"predecessor-version":[{"id":461,"href":"http:\/\/decide.usv.ro\/index.php\/wp-json\/wp\/v2\/pages\/449\/revisions\/461"}],"wp:attachment":[{"href":"http:\/\/decide.usv.ro\/index.php\/wp-json\/wp\/v2\/media?parent=449"}],"curies":[{"name":"wp","href":"https:\/\/api.w.org\/{rel}","templated":true}]}}